 factor of v and l?
2
Let k be ((-21793)/111)/(4/(-24)). Calculate the greatest common factor of k and 248.
62
Let l(t) = -t**3 + 3*t**2 - t - 3. Let s be l(4). Let d(y) = 76*y - 3. Let f be d(1). Let w = s + f. Calculate the highest common divisor of w and 20.
10
Let p be 68/(-8) - (-3)/(-6). Let m be p*3*(-4)/36. Suppose 3*f - 2 = 4*f + 3*q, -4*f - m*q = -37. What is the greatest common factor of f and 143?
13
Let u = -18 - -20. Suppose 0 = u*l - s + 28, -3*l - 5*s - 35 - 7 = 0. Let o = 29 + l. Calculate the greatest common factor of 45 and o.
15
Suppose 4*p - 390 = -9*p. Calculate the highest common divisor of p and 50.
10
Let l(o) = -2*o**2 - 23*o - 12. Let k be l(-9). Calculate the greatest common factor of k and 77.
11
Let k(h) = 59*h - 2. Suppose 3*b = -b + 4. Let u be k(b). Let l be 2*(-2)/4*-38. What is the greatest common factor of u and l?
19
Let j(i) = i + 8. Let w be j(-1). Let l be ((-1)/(5 - w))/((-1)/(-154)). Calculate the highest common factor of l and 7.
7
Let a = 180 + -130. Suppose 50 = 6*k - k. What is the greatest common factor of k and a?
10
Let l(k) be the first derivative of k**4/4 - 2*k**3/3 + 2*k**2 - 3*k - 8. Let g be l(2). Let v be 4*-3*g/(-30). What is the highest common factor of v and 18?
2
Suppose -2*v = 3*s + 2*s - 769, 0 = -5*s + 2*v + 781. Calculate the greatest common divisor of s and 248.
31
Let h be 10600/56 + 4/(-14). Suppose l - 3*y - 120 = 0, -y - 49 = l - h. What is the highest common divisor of 15 and l?
15
Suppose -4*a + 169 + 75 = 0. Suppose 4*t - a = -1. Calculate the highest common factor of t and 30.
15
Suppose 5*u = 3*q - 134, -5*q - u + 72 = -3*q. Let j be (1 + -2)*(3 - (-5)/(-1)). Suppose v = 40 - j. What is the greatest common factor of v and q?
38
Suppose 0 = -2*g - j - 3*j + 286, 5*g - 3*j = 702. Suppose 4*b = 12, -4*s + s + g = -5*b. What is the highest common factor of 39 and s?
13
Let l(x) = 101*x + 41. Let p be l(5). Calculate the greatest common factor of p and 14.
14
Let u(q) = -2*q - 2. Let p be u(-4). Let l be p/12*(-8 + 0). Let g be l + 2*38/4. What is the greatest common factor of 45 and g?
15
Let x be (2/4 + 0)*10. Let h = x + 5. What is the highest common divisor of h and 5?
5
Suppose n - 205 = -4*n + 5*r, 2*n + 2*r - 82 = 0. What is the greatest common divisor of 1189 and n?
41
Suppose -5*a + 29 + 16 = -2*g, 2*a = g + 17. Let t be (8/(-6) + 1)/(45/1080). Let x = a + t. What is the highest common factor of 15 and x?
3
Let x(q) = -q**2 - 16*q - 47. Let r be x(-12). Let c be (-2 - -2)*1 - (r - 7). Calculate the greatest common divisor of c and 60.
6
Suppose 6*z + 3435 = 5*b + 3*z, 0 = 3*b - z - 2057. What is the greatest common factor of 36 and b?
36
Let n = -22 + 41. Let m = 12 + -7. Suppose -m*o = -3*k + 647, -k + 2*o = -o - 221. What is the highest common divisor of k and n?
19
Suppose 5*z - 191 + 56 = 0. What is the highest common factor of 135 and z?
27
Let i(y) = -5*y**2 - 15*y + 10 + 4*y**2 + 2*y**2. Let u be i(17). What is the highest common factor of 4 and u?
4
Let y be (4 + -5 + 2)*21. Let v = -25 + 28. Calculate the greatest common factor of v and y.
3
Suppose 0 = 3*a - 46 + 16. Let g = -10 + a. Suppose g = y - 6*y + 55. What is the highest common factor of y and 11?
11
Suppose -4*p + 5*p - 319 = 0. Let r be ((-638)/44)/(((-3)/3)/2). Calculate the highest common divisor of p and r.
29
Let a be 1/(2/1158) + 4. What is the highest common factor of 53 and a?
53
Let f = -425 - -1074. Calculate the greatest common divisor of 59 and f.
59
Suppose -20 = g + 4*s, -4 = -3*g + 7*g - 3*s. Let k be (5 + g - -4) + 67. Calculate the greatest common factor of k and 48.
24
Suppose 16 = 4*v - 5*s, 5*v - 1 = 4*v + 2*s. Let b be 15/(-2)*(-96)/15. Let h = b + -21. What is the greatest common divisor of h and v?
9
Suppose -h = -7 - 0. Suppose 0*o - 168 = -h*o. What is the highest common factor of 216 and o?
24
Suppose -16*b - 576 = -64*b. Calculate the highest common divisor of b and 183.
3
Let t(x) be the third derivative of -x**6/120 + x**5/12 + 5*x**4/12 - 7*x**3/6 + 8*x**2. Let g be t(6). What is the highest common factor of g and 17?
17
Let c be (-90)/20*(-522)/27. What is the highest common divisor of 290 and c?
29
Let j(y) = -2*y**3 + y**3 - 25*y + 1 + 22*y + 4*y**2. Let s be j(2). Suppose s*f - 4*f = -75. Calculate the greatest common divisor of 15 and f.
15
Let y = -425 + 565. What is the greatest common factor of y and 112?
28
Let p(c) = 3*c**2 + 11*c - 1. Suppose -3*i = 2*i + 20. Let l be p(i). What is the greatest common divisor of 2 and l?
1
Suppose c + 13 = 2*d, -4*c - 34 = -5*d - 0*d. Let v be (3/d)/(1/8). Suppose -2*x - 3*j = j - 8, -5*x + 53 = -j. Calculate the greatest common factor of x and v.
2
Suppose 46*i = 47*i - 2, -5*i = -4*u + 238. Calculate the highest common factor of 2 and u.
2
Suppose 3*k + 27 = -24. Let u be (-2)/k + 12387/51. What is the highest common factor of 27 and u?
27
Let j = -241 - -284. What is the greatest common factor of j and 3397?
43
Let f be -3*(-4)/9*-3. Let d = f + 7. Suppose d*s = -3, 0 = -2*y + s + 17 + 6. What is the highest common factor of 88 and y?
11
Let v be 15/(1*15/5). Let s = -8 - 2. Let w = s + 20. What is the highest common factor of w and v?
5
Let l = 67 + -245. Let z = l + 321. Let d = z + -68. What is the highest common factor of d and 50?
25
Suppose 2*p - 5*j - 11 = 0, 10*j - 67 = -4*p + 5*j. Let d(a) = 24*a + 2709. Let k be d(-108). What is the highest common divisor of k and p?
13
Suppose 67 = 6*k - 173. Let y be 3 + 2/(-3 + 1). Suppose -y*x - 1 = -11. Calculate the highest common divisor of k and x.
5
Let h(b) = -17*b - 11 - 2 - 4*b**2 + 3*b**2 - 1. Let t be h(-13). Calculate the highest common factor of 266 and t.
38
Suppose -5*d + 9 = -3*w, 0 = 3*d - w - 9 + 2. Suppose d*j = 6 + 12. Let c be 16 - (0 + 1 + -3). Calculate the highest common divisor of j and c.
6
Let x be -2 - (-7)/((-14)/(-6)). Suppose 4*q = 5*q - x. Calculate the greatest common factor of 3 and q.
1
Suppose 3*n = 4*n - 6. Suppose 2*u + 0 = n. Calculate the highest common factor of 2 and u.
1
Suppose g - 4*j - 98 = -6*j, 171 = 2*g - j. What is the greatest common divisor of g and 16?
8
Suppose b = -p + 84, p = 4*b - b - 232. Suppose 3*g = -13 + 1, y + 33 = 4*g. Let z = b + y. What is the highest common divisor of z and 12?
6
Suppose -3*p + 73 = -227. Let f = -390 - -410. What is the greatest common divisor of p and f?
20
Suppose 808 = 2*n + 62. Let o be -4*((-1 - 3) + 68). Let g = n + o. Calculate the highest common divisor of g and 13.
13
Let f be 4722/9 + 4/12. Suppose 8*h = 13*h - f. What is the highest common factor of h and 70?
35
Suppose 47*n - 2*x + 2808 = 50*n, n + 3*x - 936 = 0. What is the highest common factor of 216 and n?
72
Let f = -497 - -539. What is the highest common factor of 1134 and f?
42
Let u = -210 - -298. Let r = 1956 - 1948. What is the highest common factor of r and u?
8
Suppose 0 = 4*a - 4*d + 2*d - 92, -2*d - 20 = -a. Let g = 32 - a. What is the greatest common factor of g and 1?
1
Suppose 0*x + 7*x - 455 = 0. Let c = 91 - x. Calculate the greatest common divisor of c and 52.
26
Let d(q) = q**3 + 4*q**2 - 7*q - 5. Let v be d(-5). Let s be (3 - 2 - 162)/(v/(-5)). Calculate the greatest common divisor of s and 23.
23
Suppose -2*g = -2*p + 508, 10*g + 1014 = 4*p + 7*g. What is the greatest common factor of p and 28?
28
Let f be (42/(-9))/(26/(-663)). Calculate the highest common factor of f and 56.
7
Suppose -24*j - 5*j = -1015. What is the highest common divisor of 50 and j?
5
Let r be (-28)/14 + -6*1. Let o be (2*-1)/(r/52). Calculate the highest common factor of o and 91.
13
Let b = -37 - -41. Suppose -b*l = -139 + 3. Calculate the greatest common divisor of 170 and l.
34
Let z be (-144)/60*10/(-4). What is the greatest common factor of 114 and z?
6
Suppose 5*i - 8 = z, -i + 1 = z - 3. Suppose -z*u - 16 = -4*u. Calculate the greatest common factor of u and 88.
8
Let u(w) = w**3 + 2*w + 33. Let x be u(0). Suppose 35*l - x*l - 46 = 0. What is the greatest common factor of l and 69?
23
Suppose 0 = -3*f + 2*a + 40, 4*f - 2*a - 46 = 4. Let c be (0 + f)/(3 + (-49)/21). Calculate the highest common divisor of 3 and c.
3
Let j(c) = c**2 - 10*c + 16. Let d be j(11). Suppose 5*m - 73 = -f, -2*m = -5*m + 5*f + d. Calculate the highe